{"id":2,"date":"2024-12-17T10:38:53","date_gmt":"2024-12-17T10:38:53","guid":{"rendered":"http:\/\/wordpress.com\/?page_id=2"},"modified":"2026-03-09T05:13:57","modified_gmt":"2026-03-09T05:13:57","slug":"sample-page","status":"publish","type":"page","link":"https:\/\/ww88inc.org\/","title":{"rendered":"WW88 &#8211; WW88 COM Trang Ch\u1ee7 Ch\u00ednh Th\u1ee9c 2025"},"content":{"rendered":"\t<div class=\"img has-hover x md-x lg-x y md-y lg-y\" id=\"image_36823277\">\n\t\t\t\t\t\t\t\t<div class=\"img-inner dark\" >\n\t\t\t<img loading=\"lazy\" decoding=\"async\" width=\"1020\" height=\"266\" src=\"https:\/\/ww88inc.org\/wp-content\/uploads\/2025\/09\/Banner-WW88-1024x267.webp\" class=\"attachment-large size-large\" alt=\"Banner WW88\" srcset=\"https:\/\/ww88inc.org\/wp-content\/uploads\/2025\/09\/Banner-WW88-1024x267.webp 1024w, https:\/\/ww88inc.org\/wp-content\/uploads\/2025\/09\/Banner-WW88-300x78.webp 300w, https:\/\/ww88inc.org\/wp-content\/uploads\/2025\/09\/Banner-WW88-768x200.webp 768w, https:\/\/ww88inc.org\/wp-content\/uploads\/2025\/09\/Banner-WW88-1536x400.webp 1536w, https:\/\/ww88inc.org\/wp-content\/uploads\/2025\/09\/Banner-WW88.webp 1920w\" sizes=\"auto, (max-width: 1020px) 100vw, 1020px\" \/>\t\t\t\t\t\t\n\t\t\t\t\t<\/div>\n\t\t\t\t\t\t\t\t\n<style>\n#image_36823277 {\n  width: 100%;\n}\n<\/style>\n\t<\/div>\n\t\n\n\t<section class=\"section\" id=\"section_1298757225\">\n\t\t<div class=\"section-bg fill\" >\n\t\t\t\t\t\t\t\t\t\n\t\t\t\n\n\t\t<\/div>\n\n\t\t\n\n\t\t<div class=\"section-content relative\">\n\t\t\t\n<div class=\"row\"  id=\"row-115572486\">\n\n\t<div id=\"col-1085064260\" class=\"col medium-2 small-12 large-2\"  >\n\t\t\t\t<div class=\"col-inner\"  >\n\t\t\t\n\t\t\t\n\t<div class=\"img has-hover x md-x lg-x y md-y lg-y\" id=\"image_420058775\">\n\t\t\t\t\t\t\t\t<div class=\"img-inner dark\" >\n\t\t\t<img loading=\"lazy\" decoding=\"async\" width=\"512\" height=\"512\" src=\"https:\/\/ww88inc.org\/wp-content\/uploads\/2025\/09\/banner-game-bai-xx88.webp\" class=\"attachment-original size-original\" alt=\"\" srcset=\"https:\/\/ww88inc.org\/wp-content\/uploads\/2025\/09\/banner-game-bai-xx88.webp 512w, https:\/\/ww88inc.org\/wp-content\/uploads\/2025\/09\/banner-game-bai-xx88-300x300.webp 300w, https:\/\/ww88inc.org\/wp-content\/uploads\/2025\/09\/banner-game-bai-xx88-150x150.webp 150w, https:\/\/ww88inc.org\/wp-content\/uploads\/2025\/09\/banner-game-bai-xx88-24x24.webp 24w, https:\/\/ww88inc.org\/wp-content\/uploads\/2025\/09\/banner-game-bai-xx88-36x36.webp 36w, https:\/\/ww88inc.org\/wp-content\/uploads\/2025\/09\/banner-game-bai-xx88-48x48.webp 48w\" sizes=\"auto, (max-width: 512px) 100vw, 512px\" \/>\t\t\t\t\t\t\n\t\t\t\t\t<\/div>\n\t\t\t\t\t\t\t\t\n<style>\n#image_420058775 {\n  width: 100%;\n}\n<\/style>\n\t<\/div>\n\t\n\t\t<\/div>\n\t\t\t\t\t<\/div>\n\n\t\n\n\t<div id=\"col-735831038\" class=\"col medium-2 small-12 large-2\"  >\n\t\t\t\t<div class=\"col-inner\"  >\n\t\t\t\n\t\t\t\n\t<div class=\"img has-hover x md-x lg-x y md-y lg-y\" id=\"image_1619514184\">\n\t\t\t\t\t\t\t\t<div class=\"img-inner dark\" >\n\t\t\t<img loading=\"lazy\" decoding=\"async\" width=\"512\" height=\"512\" src=\"https:\/\/ww88inc.org\/wp-content\/uploads\/2025\/09\/banner-the-thao-xx88.webp\" class=\"attachment-original size-original\" alt=\"\" srcset=\"https:\/\/ww88inc.org\/wp-content\/uploads\/2025\/09\/banner-the-thao-xx88.webp 512w, https:\/\/ww88inc.org\/wp-content\/uploads\/2025\/09\/banner-the-thao-xx88-300x300.webp 300w, https:\/\/ww88inc.org\/wp-content\/uploads\/2025\/09\/banner-the-thao-xx88-150x150.webp 150w, https:\/\/ww88inc.org\/wp-content\/uploads\/2025\/09\/banner-the-thao-xx88-24x24.webp 24w, https:\/\/ww88inc.org\/wp-content\/uploads\/2025\/09\/banner-the-thao-xx88-36x36.webp 36w, https:\/\/ww88inc.org\/wp-content\/uploads\/2025\/09\/banner-the-thao-xx88-48x48.webp 48w\" sizes=\"auto, (max-width: 512px) 100vw, 512px\" \/>\t\t\t\t\t\t\n\t\t\t\t\t<\/div>\n\t\t\t\t\t\t\t\t\n<style>\n#image_1619514184 {\n  width: 100%;\n}\n<\/style>\n\t<\/div>\n\t\n\t\t<\/div>\n\t\t\t\t\t<\/div>\n\n\t\n\n\t<div id=\"col-821144952\" class=\"col medium-2 small-12 large-2\"  >\n\t\t\t\t<div class=\"col-inner\"  >\n\t\t\t\n\t\t\t\n\t<div class=\"img has-hover x md-x lg-x y md-y lg-y\" id=\"image_79644837\">\n\t\t\t\t\t\t\t\t<div class=\"img-inner dark\" >\n\t\t\t<img loading=\"lazy\" decoding=\"async\" width=\"512\" height=\"512\" src=\"https:\/\/ww88inc.org\/wp-content\/uploads\/2025\/09\/banner-xo-so-xx88.webp\" class=\"attachment-original size-original\" alt=\"\" srcset=\"https:\/\/ww88inc.org\/wp-content\/uploads\/2025\/09\/banner-xo-so-xx88.webp 512w, https:\/\/ww88inc.org\/wp-content\/uploads\/2025\/09\/banner-xo-so-xx88-300x300.webp 300w, https:\/\/ww88inc.org\/wp-content\/uploads\/2025\/09\/banner-xo-so-xx88-150x150.webp 150w, https:\/\/ww88inc.org\/wp-content\/uploads\/2025\/09\/banner-xo-so-xx88-24x24.webp 24w, https:\/\/ww88inc.org\/wp-content\/uploads\/2025\/09\/banner-xo-so-xx88-36x36.webp 36w, https:\/\/ww88inc.org\/wp-content\/uploads\/2025\/09\/banner-xo-so-xx88-48x48.webp 48w\" sizes=\"auto, (max-width: 512px) 100vw, 512px\" \/>\t\t\t\t\t\t\n\t\t\t\t\t<\/div>\n\t\t\t\t\t\t\t\t\n<style>\n#image_79644837 {\n  width: 100%;\n}\n<\/style>\n\t<\/div>\n\t\n\t\t<\/div>\n\t\t\t\t\t<\/div>\n\n\t\n\n\t<div id=\"col-1548666273\" class=\"col medium-2 small-12 large-2\"  >\n\t\t\t\t<div class=\"col-inner\"  >\n\t\t\t\n\t\t\t\n\t<div class=\"img has-hover x md-x lg-x y md-y lg-y\" id=\"image_1864224245\">\n\t\t\t\t\t\t\t\t<div class=\"img-inner dark\" >\n\t\t\t<img loading=\"lazy\" decoding=\"async\" width=\"512\" height=\"512\" src=\"https:\/\/ww88inc.org\/wp-content\/uploads\/2025\/09\/banner-ban-ca-xx88.webp\" class=\"attachment-original size-original\" alt=\"\" srcset=\"https:\/\/ww88inc.org\/wp-content\/uploads\/2025\/09\/banner-ban-ca-xx88.webp 512w, https:\/\/ww88inc.org\/wp-content\/uploads\/2025\/09\/banner-ban-ca-xx88-300x300.webp 300w, https:\/\/ww88inc.org\/wp-content\/uploads\/2025\/09\/banner-ban-ca-xx88-150x150.webp 150w, https:\/\/ww88inc.org\/wp-content\/uploads\/2025\/09\/banner-ban-ca-xx88-24x24.webp 24w, https:\/\/ww88inc.org\/wp-content\/uploads\/2025\/09\/banner-ban-ca-xx88-36x36.webp 36w, https:\/\/ww88inc.org\/wp-content\/uploads\/2025\/09\/banner-ban-ca-xx88-48x48.webp 48w\" sizes=\"auto, (max-width: 512px) 100vw, 512px\" \/>\t\t\t\t\t\t\n\t\t\t\t\t<\/div>\n\t\t\t\t\t\t\t\t\n<style>\n#image_1864224245 {\n  width: 100%;\n}\n<\/style>\n\t<\/div>\n\t\n\t\t<\/div>\n\t\t\t\t\t<\/div>\n\n\t\n\n\t<div id=\"col-1445532614\" class=\"col medium-2 small-12 large-2\"  >\n\t\t\t\t<div class=\"col-inner\"  >\n\t\t\t\n\t\t\t\n\t<div class=\"img has-hover x md-x lg-x y md-y lg-y\" id=\"image_1494539312\">\n\t\t\t\t\t\t\t\t<div class=\"img-inner dark\" >\n\t\t\t<img loading=\"lazy\" decoding=\"async\" width=\"512\" height=\"512\" src=\"https:\/\/ww88inc.org\/wp-content\/uploads\/2025\/09\/baner-casino-xx88.webp\" class=\"attachment-original size-original\" alt=\"\" srcset=\"https:\/\/ww88inc.org\/wp-content\/uploads\/2025\/09\/baner-casino-xx88.webp 512w, https:\/\/ww88inc.org\/wp-content\/uploads\/2025\/09\/baner-casino-xx88-300x300.webp 300w, https:\/\/ww88inc.org\/wp-content\/uploads\/2025\/09\/baner-casino-xx88-150x150.webp 150w, https:\/\/ww88inc.org\/wp-content\/uploads\/2025\/09\/baner-casino-xx88-24x24.webp 24w, https:\/\/ww88inc.org\/wp-content\/uploads\/2025\/09\/baner-casino-xx88-36x36.webp 36w, https:\/\/ww88inc.org\/wp-content\/uploads\/2025\/09\/baner-casino-xx88-48x48.webp 48w\" sizes=\"auto, (max-width: 512px) 100vw, 512px\" \/>\t\t\t\t\t\t\n\t\t\t\t\t<\/div>\n\t\t\t\t\t\t\t\t\n<style>\n#image_1494539312 {\n  width: 100%;\n}\n<\/style>\n\t<\/div>\n\t\n\t\t<\/div>\n\t\t\t\t\t<\/div>\n\n\t\n\n\t<div id=\"col-1085238806\" class=\"col medium-2 small-12 large-2\"  >\n\t\t\t\t<div class=\"col-inner\"  >\n\t\t\t\n\t\t\t\n\t<div class=\"img has-hover x md-x lg-x y md-y lg-y\" id=\"image_2011122130\">\n\t\t\t\t\t\t\t\t<div class=\"img-inner dark\" >\n\t\t\t<img loading=\"lazy\" decoding=\"async\" width=\"512\" height=\"512\" src=\"https:\/\/ww88inc.org\/wp-content\/uploads\/2025\/09\/banner-no-hu-xx88.webp\" class=\"attachment-original size-original\" alt=\"\" srcset=\"https:\/\/ww88inc.org\/wp-content\/uploads\/2025\/09\/banner-no-hu-xx88.webp 512w, https:\/\/ww88inc.org\/wp-content\/uploads\/2025\/09\/banner-no-hu-xx88-300x300.webp 300w, https:\/\/ww88inc.org\/wp-content\/uploads\/2025\/09\/banner-no-hu-xx88-150x150.webp 150w, https:\/\/ww88inc.org\/wp-content\/uploads\/2025\/09\/banner-no-hu-xx88-24x24.webp 24w, https:\/\/ww88inc.org\/wp-content\/uploads\/2025\/09\/banner-no-hu-xx88-36x36.webp 36w, https:\/\/ww88inc.org\/wp-content\/uploads\/2025\/09\/banner-no-hu-xx88-48x48.webp 48w\" sizes=\"auto, (max-width: 512px) 100vw, 512px\" \/>\t\t\t\t\t\t\n\t\t\t\t\t<\/div>\n\t\t\t\t\t\t\t\t\n<style>\n#image_2011122130 {\n  width: 100%;\n}\n<\/style>\n\t<\/div>\n\t\n\t\t<\/div>\n\t\t\t\t\t<\/div>\n\n\t\n<\/div>\n<div class=\"row\"  id=\"row-686758538\">\n\n\t<div id=\"col-1254063621\" class=\"col small-12 large-12\"  >\n\t\t\t\t<div class=\"col-inner\"  >\n\t\t\t\n\t\t\t\n\t<div id=\"text-3203419895\" class=\"text\">\n\t\t\n<h1><strong>WW88 &#8211; Trang Nh\u00e0 C\u00e1i <\/strong><strong>WW88<\/strong><strong>.COM Ch\u00ednh Th\u1ee9c, WW88 +88K<\/strong><\/h1>\n\t\t\n<style>\n#text-3203419895 {\n  text-align: center;\n}\n<\/style>\n\t<\/div>\n\t\n\t<div id=\"text-492944517\" class=\"text home-content\">\n\t\t\n<blockquote><p>WW88 l\u00e0 nh\u00e0 c\u00e1i tr\u1ef1c tuy\u1ebfn uy t\u00edn h\u00e0ng \u0111\u1ea7u Vi\u1ec7t Nam n\u0103m 2025, n\u1ed5i b\u1eadt v\u1edbi t\u1ed1c \u0111\u1ed9 v\u1eadn h\u00e0nh \u1ed5n \u0111\u1ecbnh, kho game \u0111\u1ed3 s\u1ed9 v\u00e0 t\u00ednh minh b\u1ea1ch tuy\u1ec7t \u0111\u1ed1i. Ho\u1ea1t \u0111\u1ed9ng h\u1ee3p ph\u00e1p d\u01b0\u1edbi gi\u1ea5y ph\u00e9p c\u1ee7a Curacao eGaming, \u0111\u01b0\u1ee3c gi\u00e1m s\u00e1t b\u1edfi PAGCOR Philippines v\u00e0 ch\u1ee9ng nh\u1eadn b\u1edfi BMM Testlabs, XX88 mang \u0111\u1ebfn cho h\u00e0ng tri\u1ec7u l\u01b0\u1ee3t ng\u01b0\u1eddi ch\u01a1i m\u1ed7i th\u00e1ng m\u1ed9t s\u00e2n ch\u01a1i \u0111\u1eb3ng c\u1ea5p qu\u1ed1c t\u1ebf, c\u00f4ng b\u1eb1ng v\u00e0 an to\u00e0n tuy\u1ec7t \u0111\u1ed1i.<\/p><\/blockquote>\n<p><span data-sheets-root=\"1\"><strong>tg88 com<\/strong> <strong><b><strong style=\"font-size: 14.4px;\">, TG88 , <a class=\"in-cell-link\" href=\"https:\/\/tamhonxanh.com\/\" target=\"_blank\" rel=\"noopener\">OK8386<\/a> | <a href=\"https:\/\/sc88e.com\/\" target=\"_blank\" rel=\"noopener\">s\u1ea3nh c\u01b0\u1ee3c sc88<\/a>\u00a0<\/strong><\/b><\/strong><\/span><\/p>\n<p>WW88, <a href=\"https:\/\/ok8386.mobi\/\" target=\"_blank\" rel=\"noopener\"><strong>ok8386<\/strong><\/a> , <a href=\"https:\/\/www.ok8386a.org\/\" target=\"_blank\" rel=\"noopener\"><strong>ok8386<\/strong><\/a> , mang \u0111\u1ebfn kho game gi\u1ea3i tr\u00ed phong ph\u00fa t\u1eeb c\u00e1 c\u01b0\u1ee3c th\u1ec3 thao, casino live, slots, b\u1eafn c\u00e1 \u0111\u1ebfn eSports, t\u1ea5t c\u1ea3 \u0111\u1ec1u \u0111\u01b0\u1ee3c t\u1ed1i \u01b0u v\u1edbi giao di\u1ec7n ti\u1ebfng Vi\u1ec7t th\u00e2n thi\u1ec7n v\u00e0 t\u1ef7 l\u1ec7 c\u01b0\u1ee3c h\u1ea5p d\u1eabn. Ng\u01b0\u1eddi ch\u01a1i m\u1edbi <a href=\"https:\/\/sc88e.net\/\" target=\"_blank\" rel=\"noopener\"><strong>SC88<\/strong><\/a> \u00a0\u0111\u01b0\u1ee3c t\u1eb7ng ngay 88K mi\u1ec5n ph\u00ed, \u01b0u \u0111\u00e3i n\u1ea1p \u0111\u1ea7u 100% c\u00f9ng ch\u01b0\u01a1ng tr\u00ecnh ho\u00e0n tr\u1ea3 kh\u00f4ng gi\u1edbi h\u1ea1n. H\u1ec7 th\u1ed1ng giao d\u1ecbch si\u00eau t\u1ed1c ch\u1ec9 trong 3 ph\u00fat qua ng\u00e2n h\u00e0ng ho\u1eb7c v\u00ed \u0111i\u1ec7n t\u1eed, h\u1ed7 tr\u1ee3 t\u1eadn t\u00e2m 24\/7 qua Zalo v\u00e0 Telegram. V\u1edbi ch\u1ee9ng ch\u1ec9 GSC, c\u00f4ng ngh\u1ec7 hi\u1ec7n \u0111\u1ea1i v\u00e0 lo\u1ea1t khuy\u1ebfn m\u00e3i \u0111\u1eb7c bi\u1ec7t,<span style=\"font-weight: 400;\">TG88<\/span> ,\u00a0 XX88 kh\u1eb3ng \u0111\u1ecbnh l\u00e0 \u0111i\u1ec3m \u0111\u1ebfn l\u00fd t\u01b0\u1edfng cho m\u1ecdi t\u00edn \u0111\u1ed3 c\u00e1 c\u01b0\u1ee3c.<\/p>\n<blockquote><p><strong>\u0110\u1ed1i t\u00e1c: <span data-sheets-root=\"1\"><a class=\"in-cell-link\" href=\"https:\/\/ok8386.guide\/\" target=\"_blank\" rel=\"noopener\">ok 8386<\/a>\u00a0| <a class=\"in-cell-link\" href=\"https:\/\/ok8386.supply\/\" target=\"_blank\" rel=\"noopener\">ok 8386<\/a> | <a class=\"in-cell-link\" href=\"https:\/\/ok8386.sh\/casino-ok8386\/\" target=\"_blank\" rel=\"noopener\">casino ok8386<\/a> |\u00a0ok8386 com | <a class=\"in-cell-link\" href=\"https:\/\/ok8386h.com\/\" target=\"_blank\" rel=\"noopener\">OK8386<\/a> | 88aa |<\/span><\/strong><\/p><\/blockquote>\n\t\t\t<\/div>\n\t\n\t\t<\/div>\n\t\t\t\t\t<\/div>\n\n\t\n<\/div>\n<div class=\"row\"  id=\"row-708958191\">\n\n\t<div id=\"col-128289240\" class=\"col small-12 large-12\"  >\n\t\t\t\t<div class=\"col-inner\"  >\n\t\t\t\n\t\t\t\n\t<div id=\"text-1783279394\" class=\"text\">\n\t\t\n<h2><strong>H\u01b0\u1edbng D\u1eabn T\u1ea3i App WW88\u00a0<\/strong><\/h2>\n\t\t\n<style>\n#text-1783279394 {\n  text-align: center;\n}\n<\/style>\n\t<\/div>\n\t\n<div class=\"row\"  id=\"row-461542390\">\n\n\t<div id=\"col-227456536\" class=\"col medium-6 small-12 large-6\"  >\n\t\t\t\t<div class=\"col-inner text-center\"  >\n\t\t\t\n\t\t\t\n\t<div class=\"img has-hover x md-x lg-x y md-y lg-y\" id=\"image_1199795645\">\n\t\t\t\t\t\t\t\t<div class=\"img-inner dark\" >\n\t\t\t<img loading=\"lazy\" decoding=\"async\" width=\"437\" height=\"169\" src=\"https:\/\/ww88inc.org\/wp-content\/uploads\/2025\/09\/gift2.gif\" class=\"attachment-original size-original\" alt=\"\" \/>\t\t\t\t\t\t\n\t\t\t\t\t<\/div>\n\t\t\t\t\t\t\t\t\n<style>\n#image_1199795645 {\n  width: 40%;\n}\n<\/style>\n\t<\/div>\n\t\n\t\t<\/div>\n\t\t\t\t\t<\/div>\n\n\t\n\n\t<div id=\"col-86720694\" class=\"col medium-6 small-12 large-6\"  >\n\t\t\t\t<div class=\"col-inner text-center\"  >\n\t\t\t\n\t\t\t\n\t<div class=\"img has-hover x md-x lg-x y md-y lg-y\" id=\"image_1517676040\">\n\t\t\t\t\t\t\t\t<div class=\"img-inner dark\" >\n\t\t\t<img loading=\"lazy\" decoding=\"async\" width=\"437\" height=\"169\" src=\"https:\/\/ww88inc.org\/wp-content\/uploads\/2025\/09\/gift1.gif\" class=\"attachment-original size-original\" alt=\"\" \/>\t\t\t\t\t\t\n\t\t\t\t\t<\/div>\n\t\t\t\t\t\t\t\t\n<style>\n#image_1517676040 {\n  width: 40%;\n}\n<\/style>\n\t<\/div>\n\t\n\t\t<\/div>\n\t\t\t\t\t<\/div>\n\n\t\n<\/div>\n\t\t<\/div>\n\t\t\t\t\t<\/div>\n\n\t\n<\/div>\n\t\t<\/div>\n\n\t\t\n<style>\n#section_1298757225 {\n  padding-top: 30px;\n  padding-bottom: 30px;\n}\n<\/style>\n\t<\/section>\n\t\n","protected":false},"excerpt":{"rendered":"","protected":false},"author":1,"featured_media":0,"parent":0,"menu_order":0,"comment_status":"closed","ping_status":"open","template":"page-blank.php","meta":{"footnotes":""},"class_list":["post-2","page","type-page","status-publish","hentry"],"_links":{"self":[{"href":"https:\/\/ww88inc.org\/index.php\/wp-json\/wp\/v2\/pages\/2","targetHints":{"allow":["GET"]}}],"collection":[{"href":"https:\/\/ww88inc.org\/index.php\/wp-json\/wp\/v2\/pages"}],"about":[{"href":"https:\/\/ww88inc.org\/index.php\/wp-json\/wp\/v2\/types\/page"}],"author":[{"embeddable":true,"href":"https:\/\/ww88inc.org\/index.php\/wp-json\/wp\/v2\/users\/1"}],"replies":[{"embeddable":true,"href":"https:\/\/ww88inc.org\/index.php\/wp-json\/wp\/v2\/comments?post=2"}],"version-history":[{"count":26,"href":"https:\/\/ww88inc.org\/index.php\/wp-json\/wp\/v2\/pages\/2\/revisions"}],"predecessor-version":[{"id":152,"href":"https:\/\/ww88inc.org\/index.php\/wp-json\/wp\/v2\/pages\/2\/revisions\/152"}],"wp:attachment":[{"href":"https:\/\/ww88inc.org\/index.php\/wp-json\/wp\/v2\/media?parent=2"}],"curies":[{"name":"wp","href":"https:\/\/api.w.org\/{rel}","templated":true}]}}